he highest common divisor of 8 and 216?
8
Calculate the highest common divisor of 168 and 896.
56
Calculate the greatest common factor of 70 and 1372.
14
What is the greatest common divisor of 2924 and 258?
86
What is the highest common factor of 119 and 136?
17
Calculate the greatest common factor of 144 and 192.
48
What is the highest common factor of 59 and 3481?
59
What is the highest common divisor of 130 and 11635?
65
What is the highest common factor of 8 and 2488?
8
What is the greatest common divisor of 7 and 917?
7
What is the highest common divisor of 17808 and 144?
48
Calculate the highest common factor of 77 and 91.
7
What is the highest common divisor of 12 and 3516?
12
Calculate the highest common divisor of 405 and 1485.
135
Calculate the greatest common factor of 56 and 133.
7
What is the greatest common factor of 42 and 6258?
42
Calculate the highest common divisor of 65 and 39.
13
What is the highest common divisor of 10 and 11870?
10
Calculate the greatest common factor of 10 and 1790.
10
What is the highest common divisor of 138 and 1518?
138
What is the greatest common divisor of 10120 and 11?
11
What is the highest common divisor of 2839 and 34?
17
Calculate the greatest common divisor of 56 and 63.
7
What is the highest common divisor of 4284 and 17?
17
Calculate the highest common factor of 24625 and 250.
125
Calculate the highest common factor of 4161 and 438.
219
Calculate the greatest common factor of 39 and 507.
39
Calculate the greatest common divisor of 96 and 5112.
24
Calculate the highest common factor of 246 and 14842.
82
Calculate the greatest common factor of 5 and 245.
5
Calculate the greatest common factor of 548 and 12.
4
Calculate the highest common factor of 111 and 259.
37
What is the greatest common divisor of 18 and 636?
6
Calculate the greatest common factor of 27 and 45.
9
What is the greatest common factor of 29 and 1856?
29
What is the greatest common divisor of 170 and 10?
10
Calculate the greatest common divisor of 748 and 136.
68
Calculate the highest common divisor of 1551 and 22.
11
What is the greatest common factor of 1 and 809?
1
Calculate the highest common factor of 11 and 2629.
11
Calculate the highest common divisor of 208 and 128.
16
What is the highest common divisor of 160 and 5?
5
Calculate the highest common factor of 299 and 23.
23
Calculate the greatest common factor of 11023 and 146.
73
What is the greatest common divisor of 637 and 28?
7
Calculate the highest common factor of 1596 and 1710.
114
Calculate the greatest common factor of 36 and 306.
18
Calculate the highest common factor of 3806 and 22.
22
Calculate the highest common divisor of 2508 and 2907.
57
What is the greatest common factor of 312 and 13?
13
Calculate the greatest common factor of 58 and 2117.
29
What is the highest common factor of 60 and 24?
12
What is the greatest common divisor of 12 and 20?
4
What is the greatest common divisor of 11328 and 3?
3
What is the greatest common factor of 27 and 2241?
27
Calculate the highest common factor of 49 and 7.
7
What is the greatest common factor of 29 and 49?
1
Calculate the greatest common factor of 5 and 347.
1
Calculate the highest common divisor of 261 and 58.
29
Calculate the highest common divisor of 18 and 981.
9
What is the greatest common factor of 469 and 536?
67
Calculate the highest common divisor of 102 and 765.
51
What is the highest common factor of 52 and 20?
4
Calculate the greatest common divisor of 19 and 37.
1
Calculate the greatest common factor of 8 and 28.
4
Calculate the highest common factor of 252 and 1701.
63
What is the greatest common divisor of 60 and 75?
15
Calculate the highest common factor of 1820 and 42.
14
Calculate the greatest common factor of 129 and 2.
1
What is the highest common factor of 7847 and 133?
133
What is the greatest common factor of 88 and 600?
8
What is the greatest common factor of 49 and 6419?
49
Calculate the highest common factor of 190 and 19.
19
Calculate the highest common factor of 124 and 1302.
62
Calculate the greatest common factor of 26 and 10413.
13
What is the highest common divisor of 14 and 56?
14
What is the highest common divisor of 14 and 54?
2
Calculate the greatest common divisor of 14 and 35.
7
Calculate the highest common divisor of 4455 and 55.
55
Calculate the highest common factor of 98 and 34006.
98
Calculate the highest common divisor of 56 and 128.
8
What is the highest common factor of 62 and 6?
2
What is the highest common divisor of 832 and 52?
52
Calculate the highest common divisor of 21 and 672.
21
Calculate the highest common divisor of 245 and 392.
49
What is the greatest common factor of 224 and 574?
14
Calculate the greatest common divisor of 147 and 63.
21
What is the greatest common divisor of 276 and 120?
12
What is the highest common divisor of 4 and 393?
1
What is the greatest common divisor of 40 and 718?
2
What is the highest common divisor of 117 and 26?
13
Calculate the highest common factor of 384 and 1824.
96
Calculate the greatest common divisor of 67729 and 89.
89
What is the highest common factor of 32477 and 47?
47
Calculate the highest common factor of 1635 and 15.
15
Calculate the greatest common factor of 16 and 200.
8
Calculate the greatest common divisor of 26 and 4381.
13
What is the greatest common factor of 4560 and 10?
10
Calculate the highest common factor of 15600 and 48.
48
Calculate the highest common factor of 450 and 36.
18
What is the greatest common divisor of 2350 and 150?
50
Calculate the greatest common factor of 144 and 159.
3
Calculate the highest common divisor of 32 and 9248.
32
What is the greatest common factor of 216 and 272?
8
What is the highest common divisor of 64 and 250?
2
Calculate the highest common divisor of 432 and 18252.
108
What is the greatest common divisor of 120 and 1272?
24
What is the highest common divisor of 45 and 115?
5
Calculate the greatest common divisor of 36 and 2358.
18
What is the highest common divisor of 320 and 448?
64
What is the highest common divisor of 45 and 576?
9
What is the greatest common factor of 59 and 3481?
59
What is the greatest common factor of 7 and 189?
7
What is the greatest common divisor of 297 and 363?
33
What is the highest common divisor of 9 and 4104?
9
Calculate the greatest common factor of 16 and 104.
8
What is the greatest common divisor of 17833 and 34?
17
Calculate the greatest common divisor of 676 and 845.
169
What is the greatest common factor of 8281 and 49?
49
Calculate the greatest common factor of 46 and 4.
2
What is the highest common divisor of 1590 and 10?
10
What is the greatest common divisor of 4 and 15?
1
What is the highest common divisor of 31 and 12059?
31
What is the highest common factor of 2608 and 32?
16
Calculate the highest common factor of 112 and 2096.
16
Calculate the greatest common factor of 327 and 7630.
109
Calculate the greatest common factor of 132 and 96.
12
What is the highest common factor of 16352 and 16?
16
What is the greatest common divisor of 87 and 85695?
87
Calculate the greatest common factor of 385 and 945.
35
Calculate the highest common factor of 2316 and 13510.
386
Calculate the highest common factor of 211 and 55915.
211
Calculate the highest common factor of 290 and 340.
10
Calculate the greatest common factor of 1152 and 5632.
128
Calculate the greatest common factor of 12 and 22.
2
Calculate the greatest common factor of 414 and 184.
46
Calculate the greatest common factor of 2106 and 390.
78
What is the greatest common factor of 4818 and 264?
66
Calculate the highest common divisor of 88 and 286.
22
What is the highest common factor of 140 and 1372?
28
Calculate the greatest common factor of 90 and 26400.
30
What is the highest common factor of 39 and 260?
13
Calculate the highest common factor of 101 and 202.
101
Calculate the greatest common factor of 27 and 9.
9
Calculate the highest common divisor of 240 and 320.
80
Calculate the greatest common factor of 174 and 15747.
87
Calculate the highest common divisor of 12 and 9228.
12
What is the greatest common divisor of 5083 and 26?
13
What is the highest common divisor of 460 and 4508?
92
What is the highest common divisor of 4752 and 132?
132
Calculate the grea